 105. Let t = r + -16. What is the units digit of t?
7
Suppose 2*s - 70 = -3*b, -2*b + 3*s + 50 = s. Let q = -12 + b. What is the units digit of q?
2
Let u = -28 - -151. What is the units digit of u?
3
Let u = 119 - 117. Let m(f) = -3*f - 3. Let z be m(-2). Suppose z*k - u*k = 18. What is the tens digit of k?
1
Let v(a) = -6*a - 4. What is the units digit of v(-5)?
6
Suppose -1 = -5*g + 4. What is the units digit of (2 + g)*(-10)/(-1)?
0
Let v = 22 - 17. Suppose -s + v*t + 30 = 0, -3*s + 63 + 27 = 3*t. What is the units digit of s?
0
Let x(o) = 15*o**2 + 10*o + 20. What is the hundreds digit of x(-5)?
3
Let a(h) = h**2 + 3*h + 8. What is the units digit of a(-5)?
8
Let c = 195 + -45. What is the tens digit of c?
5
Let w = 32 + 317. What is the hundreds digit of w?
3
Let w be (-26)/4 + 2/4. Let f(a) = -a**2 - 6*a + 5. Let m be f(w). Suppose -v = -0*v - m. What is the units digit of v?
5
Let h be 3/1 - (-18 - -5). Suppose 0 = -c + h - 2. What is the tens digit of c?
1
Let q be 108/(-5) - 4/10. Let a be q/(-6) - 3/(-9). Let j = a + 0. What is the units digit of j?
4
Let i(c) = -c**2 - 6*c. Let x be i(-5). Let o = x - 3. Suppose -5*r + 36 = 2*p + 10, -2*p = o*r - 20. What is the units digit of p?
8
Let j = -12 + 5. Let s = j - -4. Let v(p) = -p**3 - p**2 + 3*p + 4. What is the units digit of v(s)?
3
Let a = 1 - -2. Suppose 1 = -v, v + 136 = a*s + 2*s. What is the units digit of s?
7
Let f(l) = l**3 + 12*l**2 + 3*l - 3. Let h(j) = j**3 + 13*j**2 + 2*j - 3. Let d(y) = 5*f(y) - 4*h(y). What is the units digit of d(-6)?
7
Let i(j) = -j**3 - 9*j**2 - j - 6. Let b be i(-9). Suppose -b*o + o = -2. What is the units digit of o?
1
Let g(c) = -c**3 + 7*c**2 + 6*c + 1. Let p be g(6). Suppose -p = -4*j - 13. What is the units digit of j?
5
Let u = -3 + 50. What is the tens digit of u?
4
Let x(k) be the third derivative of k**7/280 - k**6/180 + k**5/120 + k**3/6 - k**2. Let t(q) be the first derivative of x(q). What is the units digit of t(1)?
2
Suppose 3*i - 15 = -2*i. Let s be (2/(-4))/(2/(-4)). Suppose -2*t + i = s. What is the units digit of t?
1
Let h(d) = d - 7. Let s be h(7). Suppose s - 25 = -2*r - z, -r = -4*z - 8. What is the tens digit of r?
1
Let d be (-16)/(-3)*9/6. Let y(w) = -w**3 + 8*w**2 + w - 2. What is the units digit of y(d)?
6
Suppose -r + 6*r - 510 = 0. What is the tens digit of r?
0
Let f be (-1 + 0 - -1) + 2. Let c be (-297)/(-45) - (14/(-10) - -1). Let g = c - f. What is the units digit of g?
5
Suppose 11*o - 15*o = -204. What is the units digit of o?
1
Let z(f) = 0 + 1 - 4*f + 3 - f. Suppose -k + 3*k + 6 = 0. What is the tens digit of z(k)?
1
Suppose -t + 19 = -f, 0 = -t - f + 6*f - 1. What is the units digit of t?
4
Suppose 5*n - 3*a - 62 = 0, n = -4*n + a + 64. Suppose 5*x = -4*d + n, d + x - 7 = -2*d. What is the units digit of d?
2
Let l = 9 - 5. Suppose -v = l*v - 25. What is the units digit of v?
5
Suppose 4*j = 5*j + 68. Let v = j - -101. What is the units digit of v?
3
Let x = 1 + 1. Suppose -x*n + 2 = 8. What is the units digit of (-2 + n)*(-2 + 1)?
5
Suppose 20*l = 21*l - 64. What is the tens digit of l?
6
Let f(x) = -16*x - 4. What is the units digit of f(-6)?
2
Suppose -60 = 5*j - 3*t, t = -3*j - 4*t - 36. What is the units digit of j/((-15)/4 - -3)?
6
Let l(z) be the first derivative of z**4/4 - 2*z**3 + 7*z**2/2 - 3*z - 2. Let d(u) = u. Let k be d(5). What is the units digit of l(k)?
7
Let x be (-1)/(-2)*(-1 - 3). Let f = 5 - x. What is the units digit of f?
7
Suppose 5*i = 167 + 453. What is the hundreds digit of i?
1
Suppose -2*n + 5 = -1. Suppose 0 = n*o - 52 - 23. What is the tens digit of o?
2
What is the tens digit of 5/1*-1*(-19 + 1)?
9
Let g be (6/9)/((-3)/(-162)). Suppose 3*m + 5*s - g = 0, -m + 2*m = -s + 10. Suppose -2*z + m = 1. What is the units digit of z?
3
Let z(m) = 24*m**2 + 4*m - 1. What is the units digit of z(3)?
7
Let l(t) = -t**3 + 3*t**2 + 2*t - 2. Let r be l(3). Suppose 0 = r*f + 21 - 77. What is the units digit of f?
4
Let i = -18 + -2. Let w = 38 + i. What is the units digit of w?
8
What is the units digit of (-1 - -30) + -3 - 0?
6
Let i(f) = f**3 + f**2 - 3*f + 1. Let j be i(2). Let n be 3 - (2 + j/(-1)). Let a = n - -1. What is the units digit of a?
9
Let h(s) = s + 4 + 0 + 0*s. Let a be h(-6). What is the units digit of (3 - a*5) + 0?
3
Suppose -p - 28 = -5*q + p, 4*p = 5*q - 36. Suppose q*n = 3 + 5. Suppose x = -g + 2*g + 3, 3*x = -4*g + n. What is the units digit of x?
2
Let r(w) = -30*w - 15. What is the tens digit of r(-6)?
6
What is the hundreds digit of (2*1)/((-56)/(-4116))?
1
What is the tens digit of (-30)/(-1) + -1 + 1?
3
Suppose 3*j - 3 = l, -3*l = j - 4*j + 9. Let a = -9 - l. Let w = 11 + a. What is the units digit of w?
5
Suppose -2*q + 3*s + 66 = -2, 3*s + 179 = 5*q. What is the units digit of q?
7
Let r = 23 + -38. Suppose -7 = 4*g + 105. Let m = r - g. What is the units digit of m?
3
Suppose 5732 = 22*m - 2254. What is the tens digit of m?
6
Suppose -7*g = -2*g - 25. Suppose -g*j + 26 = -9. What is the units digit of j?
7
Suppose -4*q = -172 + 16. Suppose -2*h = q - 165. What is the units digit of 4/(-6)*h/(-6)?
7
Let u = 215 + -93. What is the hundreds digit of u?
1
Suppose -4*t - 6 = -3*l + 10, -5*t = l + 1. Let p = t + 1. Suppose -u - 4*u + 20 = p. What is the units digit of u?
4
Let r(f) = 2 + 0*f + 3*f + 2 - 2*f**3. Let p be r(-3). Suppose -5*h + p - 4 = 0. What is the units digit of h?
9
Let t = 23 - 24. What is the units digit of 141/(7 + -4) - t?
8
Suppose -4*h + 232 = -4*w, 0*h + 2*h - 128 = -4*w. What is the units digit of h?
0
Suppose -m + 55 = 2*n, 232 = 4*m - 0*m - 4*n. What is the tens digit of m?
5
Suppose -5*r = -3*x + 25, 0 = -5*r + 10 - 35. Let j = -3 - x. Let k = j - -5. What is the units digit of k?
2
Suppose -7*c + 6*c + 210 = 0. What is the hundreds digit of c?
2
Let f = -20 + 55. Suppose 0 = 5*n - f + 5. What is the units digit of n?
6
Suppose 3*o = 2*t - 20, -3*o = 5*t - 2*t. Let m = 21 + o. What is the units digit of m?
7
Let h(x) = -x**2 + 2*x. Let c be h(4). Let k = c + 14. What is the units digit of k?
6
Let n be (464/(-20))/(2/(-5)). Let h be (-5)/25 - n/10. What is the tens digit of ((-2)/h)/(2/102)?
1
Let k(l) = l**3 + 8*l**2 - 2*l - 6. Let a be k(-7). Suppose -4*m + 14 = -2*y - 40, 5*y = 4*m - a. What is the units digit of m?
3
Suppose -3*u - 4 = 2*j - 8, -5*j - 5*u + 20 = 0. Let r = 12 - j. What is the units digit of r?
4
Suppose 0 = -2*v - 3 + 11, v = 2*b - 10. What is the tens digit of (-2)/b - 172/(-14)?
1
Let g(p) = -2*p - 6. Let c be g(-5). Suppose -2*o + c*o = 10. Suppose d + 44 = o*l, -5*l + 2 = 5*d - 18. What is the units digit of l?
8
Let y = 0 + 2. Suppose 7*l - 3*l = -y*a + 30, -5*l - 29 = -a. What is the units digit of a?
9
Let z(f) = -f**2 + 9*f + 9. What is the units digit of z(9)?
9
Suppose 3 - 6 = w. Let t(q) = -q**3 - 2*q**2 + q - 3. What is the units digit of t(w)?
3
Let t = -12 + 16. Let q(o) = 2*o**2 + 2*o - 2. What is the tens digit of q(t)?
3
Suppose 3*g + 2 = -16. Let l(x) = x**3 + 6*x**2 - x + 4. What is the units digit of l(g)?
0
Let l be ((-2)/3)/(2/(-12)). Suppose -2*f = -l*f. Suppose f*w - 2 = -w. What is the units digit of w?
2
Suppose -4*b = 4*k, 2*b + 5*k + 2 = k. Suppose 1 = 2*n - b. What is the tens digit of (0 + -5)/(n/(-3))?
1
Suppose 0 = k, -m - 2*m + 6 = -4*k. Suppose -4*r - 2*f = -122, 5*f - 5 = -0. Suppose m*n + r = 7*n. What is the units digit of n?
6
Let y = -76 - -116. Let b be (-2)/4 + (-22)/(-4). Suppose 5*l + 4*m - y = 0, b*l = 5*m - 0*m + 40. What is the units digit of l?
8
Let l be 3/(-5)*3*-5. What is the tens digit of (l/6)/((-12)/(-224))?
2
Let g = 36 - 10. What is the tens digit of g?
2
Suppose -60 = 5*j - 3*n - 1, 0 = 2*j + 5*n + 36. Let c = j - -25. What is the tens digit of c?
1
Let x = 10 + -15. Let s = x - -22. What is the tens digit of s?
1
Suppose 2*x - 589 = -5*d, 4*x - 619 = 2*x + 5*d. What is the hundreds digit of x?
3
Suppose s + 2 = 5. Suppose -s*z + 11 + 4 = 0, 4*z - 137 = -3*j. What is the units digit of j?
9
Suppose 0*x = 3*x - 366. What is the tens digit of x?
2
Suppose -2*a - 36 = -a. Let j = 50 + a. What is the tens digit of j?
1
Suppose -2*c = -294 + 84. What is the units digit of c?
5
Suppose -h - 2*d + 48 = 0, 4*d - 3*d = -h + 52. What is the tens digit of h?
5
What i